cond derivative of h**3 + 7*h**2/2 - 7*h. Let u be ((-3)/4)/((-2)/8). List the prime factors of z(u).
5
Let z be -6*525/(-6) - 3. Suppose -118*y - z = -120*y. What are the prime factors of y?
3, 29
Suppose 3*m - 2*m = -23. Let t = m + 39. Suppose w - 3*w + t = 0. What are the prime factors of w?
2
Suppose 0 = 4*a + u - 5744, -10*u + 8*u = 0. What are the prime factors of a?
2, 359
Let n(m) be the third derivative of 0 - 1/24*m**4 + 0*m - 3*m**2 + 8/3*m**3. List the prime factors of n(-12).
2, 7
Let r(n) = 10*n - 30. Let t(v) = 9*v - 29. Let h = -23 - -28. Let i(y) = h*t(y) - 4*r(y). List the prime factors of i(11).
2, 3, 5
Let b = -2723 - -4250. List the prime factors of b/11 - 16/(-88).
139
Suppose 33*v = 21*v + 2052. List the prime factors of v.
3, 19
Let s be 24 + 2 + (3 - 1). Suppose k + s = -0*k. Let x = k - -42. What are the prime factors of x?
2, 7
Let m = -1147 - -1638. Suppose 0 = q, 4*r - 2*q - m = -75. List the prime factors of r.
2, 13
Let p(a) = 4*a**3 - 6*a**2 - a - 26. List the prime factors of p(6).
2, 7, 11
Suppose 23*j - 34 - 35 = 0. Suppose -2*q = -2*v + 18, -2*v = v - 2*q - 31. Suppose -j*g = -65 - v. List the prime factors of g.
2, 13
Suppose 0*y - y = -3. Let t be 1*-4 + y - -2. List the prime factors of -21*(-1)/1*t.
3, 7
Let g be (-1 + -9)/(4/(-14)). Let j be 1/(-2)*-4*(10 - 2). Suppose j - g = -q. What are the prime factors of q?
19
Let o(f) = f**2 + f - 2. Let n be o(-4). Suppose -1 = -2*v - p + 16, 5*v - n = 4*p. Suppose -2*z + v = 0, -4*i - 6 = z - 101. What are the prime factors of i?
23
Let g(o) = 4*o**2 - 11*o - 20. Let u be (8 - -2)*9/18*-1. What are the prime factors of g(u)?
3, 5
Let m(y) = 17*y**3 + y**2 + 3*y. Let s = 72 - 70. List the prime factors of m(s).
2, 73
Suppose 5*x = 2*n - 0*n - 4, -8 = 3*x - 4*n. Suppose x = -5*k - 0*i + 3*i + 181, 5*k = -2*i + 171. List the prime factors of k.
5, 7
What are the prime factors of (-6)/(-48) - 54776/(-64)?
2, 107
Suppose 3*m - 204 = -4*z, -m + 73 = 3*z - 0*z. Let w = m + -45. What are the prime factors of w?
19
Let c = -23 + 14. Let y = -5 - c. List the prime factors of 120/2*y/8.
2, 3, 5
Let f be (11 + -4)*(1 - 0). Suppose -f*g = -2*g. List the prime factors of (32 - g)*6/12.
2
Let v = 637 - -468. What are the prime factors of v?
5, 13, 17
Let n(h) = 11 - 9*h - 10 + 12 + h**3 - 2*h**2. What are the prime factors of n(6)?
103
Let w = 127 - 124. Suppose -5*t - w*d + 2146 = 618, 920 = 3*t + d. List the prime factors of t.
2, 7, 11
Let l(q) = -q**2 - 14*q - 31. Let p be l(-14). Let g = -160 - -94. Let x = p - g. List the prime factors of x.
5, 7
Suppose -3*p - 3*x + 1680 = 0, 0*x - 2*x - 1136 = -2*p. List the prime factors of p.
2, 3, 47
Let x = -3197 + 7632. List the prime factors of x.
5, 887
Suppose 5*v = 3*b + 232, -145 = -5*v + 2*v - 4*b. Suppose 6*h = v + 97. List the prime factors of h.
2, 3
Let u = -8 - -12. Suppose 0 = -3*h - 5 - u. List the prime factors of (1 - -2) + (-12)/h.
7
Let t = -12 + 13. Let m(j) = 4*j + t + 2*j - 7*j + 0. What are the prime factors of m(-9)?
2, 5
Let m(o) = -9*o + 3. Let a be m(4). Let u = 137 + a. List the prime factors of u.
2, 13
Let k(v) = 4*v - 14. Let a be k(8). Suppose 3*w = 6*w - a. Suppose -5*m = -w*m + 4. What are the prime factors of m?
2
Let i = -582 - -1416. What are the prime factors of i?
2, 3, 139
Suppose 79*v + 31570 = 86*v. List the prime factors of v.
2, 5, 11, 41
Let y be 114/27 - (-8)/(-36). List the prime factors of y/(1 + 11)*549.
3, 61
List the prime factors of 9/(-6) - 4932/(-8).
3, 5, 41
Let m(d) be the third derivative of d**6/40 - d**4/6 + 7*d**3/6 - 5*d**2. Let r(z) be the first derivative of m(z). List the prime factors of r(-2).
2
Let f be ((-24)/20)/(6/(-915)). Suppose f = 4*q + 15. List the prime factors of (54/4)/(q/112).
2, 3
Suppose 101*f - 97*f + 448 = 0. List the prime factors of -3 - (-1 - -7)*f/6.
109
Let r(d) be the second derivative of d**4/4 - 8*d**3/3 + 13*d**2/2 - 36*d. What are the prime factors of r(7)?
2, 3
Let r be (13 + -11)/((-2)/(-4)). Suppose -2*k - 2*a = -a - 41, r*a - 110 = -5*k. Suppose -6*z + 9*z - k = 0. What are the prime factors of z?
2, 3
Suppose 0 = 3*z - 2*z - 105. Suppose 0 = 3*v - 3*m - z, -23 = -v + 5*m - 0. Let o = v + -27. What are the prime factors of o?
11
Let v(h) = 24*h + 16. List the prime factors of v(0).
2
Let f be 0/(-1*1*(-2 + 4)). Suppose 177 = 3*i - 3*k + 30, f = -2*i + 5*k + 110. List the prime factors of i.
3, 5
Let j(g) = -g**3 - 11*g**2 - 7*g + 18. Let h be j(-10). Let c(i) = -7*i + 2. What are the prime factors of c(h)?
2, 43
Let k(t) = 17*t + 16. Let w be k(5). Suppose -24 = u - w. List the prime factors of u.
7, 11
Let i(l) = -49*l**2 - 3*l - 3. Let h be i(3). List the prime factors of (-3 - 0)*h*7/63.
151
Let t = -98 + 104. What are the prime factors of (t/(-14))/(-3) + (-964)/(-14)?
3, 23
Let f = 373 - 38. Suppose 0 = 10*o + f - 1795. List the prime factors of o.
2, 73
Let d(w) = -w**2 + 4*w + 10. Let p be d(5). Suppose f - p*u = 98 + 6, -f - 3*u = -128. List the prime factors of f/4 + (-9)/12.
29
Suppose 1019*k = 1000*k + 49077. List the prime factors of k.
3, 7, 41
Suppose -261*x - 1171 = -262*x + 2*m, -3*x - 2*m = -3529. What are the prime factors of x?
5, 47
Suppose 7113 = -4*p + 28401. List the prime factors of p.
2, 3, 887
Let w = 126 + -122. What are the prime factors of w - 9/3 - -75?
2, 19
Let w(p) = -17*p + 17. Let h be w(-8). Suppose -3*j + h = 3*i, 4*i - 208 = -0*j - 2*j. List the prime factors of i.
53
Suppose 2*s + 4*j = 268, 2*s - 4*j = -3*j + 273. Let n = 314 - s. List the prime factors of n.
2, 89
Suppose 2*p + 2094 = f, -5*p - 10470 = -5*f - 10*p. List the prime factors of f.
2, 3, 349
Suppose 657 = -17*s + 10007. List the prime factors of s.
2, 5, 11
Let r be 4 + (-7)/(14/(-124)). Let p be r/((30/4)/(-5)). List the prime factors of p/(-2) + (-12)/4.
19
Let k(p) = 2*p**3 - p**2 - 19*p - 9. Let y(s) = -s**3 + 10*s + 5. Let g(v) = -4*k(v) - 7*y(v). Let o be g(5). What are the prime factors of 21/o*(-20)/(-7)?
2, 5
Let p be ((-60)/(-70))/(2/14). Suppose p*c - 10*c = 236. Let h = -16 - c. What are the prime factors of h?
43
Suppose 6*h = h - 15420. What are the prime factors of ((-3)/(-2))/((-12354)/h - 4)?
257
Suppose 2*c + 215 = -5*z, -3*c - 86 = z + z. Let v = z - -196. List the prime factors of v.
3, 17
Let x be 68/14 - 12/(-84). Suppose 0 = 3*o + 2*m + 2*m - 94, x*o - 5*m = 215. What are the prime factors of o?
2, 19
Let q = 34 - -550. Suppose -3*c - l = -6*l - 449, 4*c - q = 3*l. What are the prime factors of c?
11, 13
Suppose 4460 = 7*k + 3*k. What are the prime factors of k?
2, 223
Let r = 189 - 49. Suppose 4*b = v + 117 + r, -3*v = 15. What are the prime factors of b?
3, 7
Let c be 26/6 + (-2)/6. Suppose c*f = 2*f + 50. Suppose -5*t = f, 5*t = -3*u + 46 + 1. List the prime factors of u.
2, 3
Suppose 3*f + 459 = 5*u, -6*f + 7*f + 3*u + 153 = 0. Let r = 273 + f. What are the prime factors of r?
2, 3, 5
Suppose -4*n - 3*u = -67, -n - 5*u + 13 = -3*u. Suppose -1 = -5*g + n. Suppose p - 104 = -2*v, -4*v + 253 = g*p + 37. What are the prime factors of v?
2, 5
Let l(f) = 21*f + 10. Let i(t) = -42*t - 21. Let k(o) = -6*i(o) - 13*l(o). What are the prime factors of k(-1)?
17
Let k be 1 + 1 + 3 + -29. Let j = k - 37. Let z = j - -88. List the prime factors of z.
3
Let u(h) = -h**3 + 5*h**2 - 7*h + 2. Let w be u(3). List the prime factors of (16/w)/((-8)/16).
2
Suppose -j + 5*q = 34, -35 = -5*q - 10. Let z = j - -37. What are the prime factors of z?
2, 7
Suppose -13*o - 336 = -17*o. Suppose 4*k + 3*q - 76 = 92, -2*k + o = 3*q. List the prime factors of k.
2, 3, 7
Suppose -4 = -3*w + w - b, -7 = -5*w - b. Let i = -1 + w. Suppose 6*r - 4*r + 2*y - 94 = 0, i = 3*y. List the prime factors of r.
47
Let l(o) = o**3 + 15*o**2 + 15*o + 6. What are the prime factors of l(-12)?
2, 3, 43
Suppose -2*j = -2*m - 6704, -3*j + 8*j - 4*m = 16758. List the prime factors of j.
2, 5, 67
Suppose -4*o + 18 = -2*b, 0 = 4*b - o - o + 24. What are the prime factors of 66 - b/(25/15)?
3, 23
Suppose -g + 926 = 5*i, -i - 3*g = -5*i + 756. Suppose 4*k = -0*k - f + i, 3*k - 2*f = 145. What are the prime factors of k?
47
Let z(b) = b**3 - 12*b**2 - 12*b - 10. Let v = -34 - -47. Let p be z(v). Suppose 5*q - 3*s - 140 = 108, 5*s + 152 = p*q. What are the prime 